{"id":6120,"date":"2024-02-27T09:47:46","date_gmt":"2024-02-27T09:47:46","guid":{"rendered":"https:\/\/www.cel-lula.net\/proyectos\/sabadell-capital-de-la-cultura-catalana-2024\/"},"modified":"2024-05-09T09:58:39","modified_gmt":"2024-05-09T09:58:39","slug":"sabadell-capital-de-la-cultura-catalana-2024","status":"publish","type":"projectes","link":"https:\/\/www.cel-lula.com\/ca\/publicitat\/sabadell-capital-de-la-cultura-catalana-2024\/","title":{"rendered":"Sabadell, Capital de la Cultura Catalana 2024"},"content":{"rendered":"","protected":false},"excerpt":{"rendered":"","protected":false},"featured_media":6099,"template":"","destacado-home":[163],"categories-projectes":[151,154,152,137,153],"class_list":["post-6120","projectes","type-projectes","status-publish","has-post-thumbnail","hentry","destacado-home-destacat-home","categories-projectes-campanas-de-publicidad-ca","categories-projectes-creatividad-y-diseno-ca","categories-projectes-estrategia-de-comunicacion-ca","categories-projectes-publicitat","categories-projectes-videos-ca"],"yoast_head":"<!-- This site is optimized with the Yoast SEO plugin v26.9 - https:\/\/yoast.com\/product\/yoast-seo-wordpress\/ -->\n<title>Campanya publicit\u00e0ria Ajuntament Sabadell - Capitalitat 2024<\/title>\n<meta name=\"description\" content=\"Campanya publicit\u00e0ria per l&#039;Ajuntament de Sabadell. Sabadell \u00e9s vesteix de cultura \u00e9s l&#039;esl\u00f2gan per a la campanya publicit\u00e0ria de la C...\" \/>\n<meta name=\"robots\" content=\"index, follow, max-snippet:-1, max-image-preview:large, max-video-preview:-1\" \/>\n<link rel=\"canonical\" href=\"https:\/\/www.cel-lula.com\/ca\/publicitat\/sabadell-capital-de-la-cultura-catalana-2024\/\" \/>\n<meta property=\"og:locale\" content=\"ca_ES\" \/>\n<meta property=\"og:type\" content=\"article\" \/>\n<meta property=\"og:title\" content=\"Campanya publicit\u00e0ria Ajuntament Sabadell - Capitalitat 2024\" \/>\n<meta property=\"og:description\" content=\"Campanya publicit\u00e0ria per l&#039;Ajuntament de Sabadell. Sabadell \u00e9s vesteix de cultura \u00e9s l&#039;esl\u00f2gan per a la campanya publicit\u00e0ria de la C...\" \/>\n<meta property=\"og:url\" content=\"https:\/\/www.cel-lula.com\/ca\/publicitat\/sabadell-capital-de-la-cultura-catalana-2024\/\" \/>\n<meta property=\"og:site_name\" content=\"C\u00e8l\u00b7lula\" \/>\n<meta property=\"article:modified_time\" content=\"2024-05-09T09:58:39+00:00\" \/>\n<meta property=\"og:image\" content=\"https:\/\/www.cel-lula.com\/wp-content\/uploads\/2024\/02\/01-llistat_campanya_ajuntament_sabadell_es_vesteix_de_cultura.webp\" \/>\n\t<meta property=\"og:image:width\" content=\"1300\" \/>\n\t<meta property=\"og:image:height\" content=\"975\" \/>\n\t<meta property=\"og:image:type\" content=\"image\/webp\" \/>\n<meta name=\"twitter:card\" content=\"summary_large_image\" \/>\n<script type=\"application\/ld+json\" class=\"yoast-schema-graph\">{\"@context\":\"https:\/\/schema.org\",\"@graph\":[{\"@type\":\"WebPage\",\"@id\":\"https:\/\/www.cel-lula.com\/ca\/publicitat\/sabadell-capital-de-la-cultura-catalana-2024\/\",\"url\":\"https:\/\/www.cel-lula.com\/ca\/publicitat\/sabadell-capital-de-la-cultura-catalana-2024\/\",\"name\":\"Campanya publicit\u00e0ria Ajuntament Sabadell - Capitalitat 2024\",\"isPartOf\":{\"@id\":\"https:\/\/www.cel-lula.com\/ca\/#website\"},\"primaryImageOfPage\":{\"@id\":\"https:\/\/www.cel-lula.com\/ca\/publicitat\/sabadell-capital-de-la-cultura-catalana-2024\/#primaryimage\"},\"image\":{\"@id\":\"https:\/\/www.cel-lula.com\/ca\/publicitat\/sabadell-capital-de-la-cultura-catalana-2024\/#primaryimage\"},\"thumbnailUrl\":\"https:\/\/www.cel-lula.com\/wp-content\/uploads\/2024\/02\/01-llistat_campanya_ajuntament_sabadell_es_vesteix_de_cultura.webp\",\"datePublished\":\"2024-02-27T09:47:46+00:00\",\"dateModified\":\"2024-05-09T09:58:39+00:00\",\"description\":\"Campanya publicit\u00e0ria per l'Ajuntament de Sabadell. Sabadell \u00e9s vesteix de cultura \u00e9s l'esl\u00f2gan per a la campanya publicit\u00e0ria de la C...\",\"breadcrumb\":{\"@id\":\"https:\/\/www.cel-lula.com\/ca\/publicitat\/sabadell-capital-de-la-cultura-catalana-2024\/#breadcrumb\"},\"inLanguage\":\"ca\",\"potentialAction\":[{\"@type\":\"ReadAction\",\"target\":[\"https:\/\/www.cel-lula.com\/ca\/publicitat\/sabadell-capital-de-la-cultura-catalana-2024\/\"]}]},{\"@type\":\"ImageObject\",\"inLanguage\":\"ca\",\"@id\":\"https:\/\/www.cel-lula.com\/ca\/publicitat\/sabadell-capital-de-la-cultura-catalana-2024\/#primaryimage\",\"url\":\"https:\/\/www.cel-lula.com\/wp-content\/uploads\/2024\/02\/01-llistat_campanya_ajuntament_sabadell_es_vesteix_de_cultura.webp\",\"contentUrl\":\"https:\/\/www.cel-lula.com\/wp-content\/uploads\/2024\/02\/01-llistat_campanya_ajuntament_sabadell_es_vesteix_de_cultura.webp\",\"width\":1300,\"height\":975},{\"@type\":\"BreadcrumbList\",\"@id\":\"https:\/\/www.cel-lula.com\/ca\/publicitat\/sabadell-capital-de-la-cultura-catalana-2024\/#breadcrumb\",\"itemListElement\":[{\"@type\":\"ListItem\",\"position\":1,\"name\":\"Portada\",\"item\":\"https:\/\/www.cel-lula.com\/ca\/\"},{\"@type\":\"ListItem\",\"position\":2,\"name\":\"Projectes\",\"item\":\"https:\/\/www.cel-lula.com\/ca\/projectes\/\"},{\"@type\":\"ListItem\",\"position\":3,\"name\":\"Sabadell, Capital de la Cultura Catalana 2024\"}]},{\"@type\":\"WebSite\",\"@id\":\"https:\/\/www.cel-lula.com\/ca\/#website\",\"url\":\"https:\/\/www.cel-lula.com\/ca\/\",\"name\":\"C\u00e8l\u00b7lula\",\"description\":\"Estudi de disseny gr\u00e0fic\",\"publisher\":{\"@id\":\"https:\/\/www.cel-lula.com\/ca\/#organization\"},\"potentialAction\":[{\"@type\":\"SearchAction\",\"target\":{\"@type\":\"EntryPoint\",\"urlTemplate\":\"https:\/\/www.cel-lula.com\/ca\/?s={search_term_string}\"},\"query-input\":{\"@type\":\"PropertyValueSpecification\",\"valueRequired\":true,\"valueName\":\"search_term_string\"}}],\"inLanguage\":\"ca\"},{\"@type\":\"Organization\",\"@id\":\"https:\/\/www.cel-lula.com\/ca\/#organization\",\"name\":\"C\u00e8l\u00b7lula\",\"url\":\"https:\/\/www.cel-lula.com\/ca\/\",\"logo\":{\"@type\":\"ImageObject\",\"inLanguage\":\"ca\",\"@id\":\"https:\/\/www.cel-lula.com\/ca\/#\/schema\/logo\/image\/\",\"url\":\"https:\/\/www.cel-lula.com\/wp-content\/uploads\/2023\/02\/cel-lula-logo.png\",\"contentUrl\":\"https:\/\/www.cel-lula.com\/wp-content\/uploads\/2023\/02\/cel-lula-logo.png\",\"width\":1194,\"height\":276,\"caption\":\"C\u00e8l\u00b7lula\"},\"image\":{\"@id\":\"https:\/\/www.cel-lula.com\/ca\/#\/schema\/logo\/image\/\"}}]}<\/script>\n<!-- \/ Yoast SEO plugin. -->","yoast_head_json":{"title":"Campanya publicit\u00e0ria Ajuntament Sabadell - Capitalitat 2024","description":"Campanya publicit\u00e0ria per l'Ajuntament de Sabadell. Sabadell \u00e9s vesteix de cultura \u00e9s l'esl\u00f2gan per a la campanya publicit\u00e0ria de la C...","robots":{"index":"index","follow":"follow","max-snippet":"max-snippet:-1","max-image-preview":"max-image-preview:large","max-video-preview":"max-video-preview:-1"},"canonical":"https:\/\/www.cel-lula.com\/ca\/publicitat\/sabadell-capital-de-la-cultura-catalana-2024\/","og_locale":"ca_ES","og_type":"article","og_title":"Campanya publicit\u00e0ria Ajuntament Sabadell - Capitalitat 2024","og_description":"Campanya publicit\u00e0ria per l'Ajuntament de Sabadell. Sabadell \u00e9s vesteix de cultura \u00e9s l'esl\u00f2gan per a la campanya publicit\u00e0ria de la C...","og_url":"https:\/\/www.cel-lula.com\/ca\/publicitat\/sabadell-capital-de-la-cultura-catalana-2024\/","og_site_name":"C\u00e8l\u00b7lula","article_modified_time":"2024-05-09T09:58:39+00:00","og_image":[{"width":1300,"height":975,"url":"https:\/\/www.cel-lula.com\/wp-content\/uploads\/2024\/02\/01-llistat_campanya_ajuntament_sabadell_es_vesteix_de_cultura.webp","type":"image\/webp"}],"twitter_card":"summary_large_image","schema":{"@context":"https:\/\/schema.org","@graph":[{"@type":"WebPage","@id":"https:\/\/www.cel-lula.com\/ca\/publicitat\/sabadell-capital-de-la-cultura-catalana-2024\/","url":"https:\/\/www.cel-lula.com\/ca\/publicitat\/sabadell-capital-de-la-cultura-catalana-2024\/","name":"Campanya publicit\u00e0ria Ajuntament Sabadell - Capitalitat 2024","isPartOf":{"@id":"https:\/\/www.cel-lula.com\/ca\/#website"},"primaryImageOfPage":{"@id":"https:\/\/www.cel-lula.com\/ca\/publicitat\/sabadell-capital-de-la-cultura-catalana-2024\/#primaryimage"},"image":{"@id":"https:\/\/www.cel-lula.com\/ca\/publicitat\/sabadell-capital-de-la-cultura-catalana-2024\/#primaryimage"},"thumbnailUrl":"https:\/\/www.cel-lula.com\/wp-content\/uploads\/2024\/02\/01-llistat_campanya_ajuntament_sabadell_es_vesteix_de_cultura.webp","datePublished":"2024-02-27T09:47:46+00:00","dateModified":"2024-05-09T09:58:39+00:00","description":"Campanya publicit\u00e0ria per l'Ajuntament de Sabadell. Sabadell \u00e9s vesteix de cultura \u00e9s l'esl\u00f2gan per a la campanya publicit\u00e0ria de la C...","breadcrumb":{"@id":"https:\/\/www.cel-lula.com\/ca\/publicitat\/sabadell-capital-de-la-cultura-catalana-2024\/#breadcrumb"},"inLanguage":"ca","potentialAction":[{"@type":"ReadAction","target":["https:\/\/www.cel-lula.com\/ca\/publicitat\/sabadell-capital-de-la-cultura-catalana-2024\/"]}]},{"@type":"ImageObject","inLanguage":"ca","@id":"https:\/\/www.cel-lula.com\/ca\/publicitat\/sabadell-capital-de-la-cultura-catalana-2024\/#primaryimage","url":"https:\/\/www.cel-lula.com\/wp-content\/uploads\/2024\/02\/01-llistat_campanya_ajuntament_sabadell_es_vesteix_de_cultura.webp","contentUrl":"https:\/\/www.cel-lula.com\/wp-content\/uploads\/2024\/02\/01-llistat_campanya_ajuntament_sabadell_es_vesteix_de_cultura.webp","width":1300,"height":975},{"@type":"BreadcrumbList","@id":"https:\/\/www.cel-lula.com\/ca\/publicitat\/sabadell-capital-de-la-cultura-catalana-2024\/#breadcrumb","itemListElement":[{"@type":"ListItem","position":1,"name":"Portada","item":"https:\/\/www.cel-lula.com\/ca\/"},{"@type":"ListItem","position":2,"name":"Projectes","item":"https:\/\/www.cel-lula.com\/ca\/projectes\/"},{"@type":"ListItem","position":3,"name":"Sabadell, Capital de la Cultura Catalana 2024"}]},{"@type":"WebSite","@id":"https:\/\/www.cel-lula.com\/ca\/#website","url":"https:\/\/www.cel-lula.com\/ca\/","name":"C\u00e8l\u00b7lula","description":"Estudi de disseny gr\u00e0fic","publisher":{"@id":"https:\/\/www.cel-lula.com\/ca\/#organization"},"potentialAction":[{"@type":"SearchAction","target":{"@type":"EntryPoint","urlTemplate":"https:\/\/www.cel-lula.com\/ca\/?s={search_term_string}"},"query-input":{"@type":"PropertyValueSpecification","valueRequired":true,"valueName":"search_term_string"}}],"inLanguage":"ca"},{"@type":"Organization","@id":"https:\/\/www.cel-lula.com\/ca\/#organization","name":"C\u00e8l\u00b7lula","url":"https:\/\/www.cel-lula.com\/ca\/","logo":{"@type":"ImageObject","inLanguage":"ca","@id":"https:\/\/www.cel-lula.com\/ca\/#\/schema\/logo\/image\/","url":"https:\/\/www.cel-lula.com\/wp-content\/uploads\/2023\/02\/cel-lula-logo.png","contentUrl":"https:\/\/www.cel-lula.com\/wp-content\/uploads\/2023\/02\/cel-lula-logo.png","width":1194,"height":276,"caption":"C\u00e8l\u00b7lula"},"image":{"@id":"https:\/\/www.cel-lula.com\/ca\/#\/schema\/logo\/image\/"}}]}},"_links":{"self":[{"href":"https:\/\/www.cel-lula.com\/ca\/wp-json\/wp\/v2\/projectes\/6120","targetHints":{"allow":["GET"]}}],"collection":[{"href":"https:\/\/www.cel-lula.com\/ca\/wp-json\/wp\/v2\/projectes"}],"about":[{"href":"https:\/\/www.cel-lula.com\/ca\/wp-json\/wp\/v2\/types\/projectes"}],"version-history":[{"count":0,"href":"https:\/\/www.cel-lula.com\/ca\/wp-json\/wp\/v2\/projectes\/6120\/revisions"}],"wp:featuredmedia":[{"embeddable":true,"href":"https:\/\/www.cel-lula.com\/ca\/wp-json\/wp\/v2\/media\/6099"}],"wp:attachment":[{"href":"https:\/\/www.cel-lula.com\/ca\/wp-json\/wp\/v2\/media?parent=6120"}],"wp:term":[{"taxonomy":"destacado-home","embeddable":true,"href":"https:\/\/www.cel-lula.com\/ca\/wp-json\/wp\/v2\/destacado-home?post=6120"},{"taxonomy":"categories-projectes","embeddable":true,"href":"https:\/\/www.cel-lula.com\/ca\/wp-json\/wp\/v2\/categories-projectes?post=6120"}],"curies":[{"name":"wp","href":"https:\/\/api.w.org\/{rel}","templated":true}]}}

<!-- This site is optimized with the Yoast SEO plugin v26.9 - https://yoast.com/product/yoast-seo-wordpress/ -->
<title>Campanya publicitària Ajuntament Sabadell - Capitalitat 2024</title>
<meta name="description" content="Campanya publicitària per l&#039;Ajuntament de Sabadell. Sabadell és vesteix de cultura és l&#039;eslògan per a la campanya publicitària de la C..." />
<meta name="robots" content="index, follow, max-snippet:-1, max-image-preview:large, max-video-preview:-1" />
<link rel="canonical" href="https://www.cel-lula.com/ca/publicitat/sabadell-capital-de-la-cultura-catalana-2024/" />
<meta property="og:locale" content="ca_ES" />
<meta property="og:type" content="article" />
<meta property="og:title" content="Campanya publicitària Ajuntament Sabadell - Capitalitat 2024" />
<meta property="og:description" content="Campanya publicitària per l&#039;Ajuntament de Sabadell. Sabadell és vesteix de cultura és l&#039;eslògan per a la campanya publicitària de la C..." />
<meta property="og:url" content="https://www.cel-lula.com/ca/publicitat/sabadell-capital-de-la-cultura-catalana-2024/" />
<meta property="og:site_name" content="Cèl·lula" />
<meta property="article:modified_time" content="2024-05-09T09:58:39+00:00" />
<meta property="og:image" content="https://www.cel-lula.com/wp-content/uploads/2024/02/01-llistat_campanya_ajuntament_sabadell_es_vesteix_de_cultura.webp" />
	<meta property="og:image:width" content="1300" />
	<meta property="og:image:height" content="975" />
	<meta property="og:image:type" content="image/webp" />
<meta name="twitter:card" content="summary_large_image" />
<script type="application/ld+json" class="yoast-schema-graph">{"@context":"https://schema.org","@graph":[{"@type":"WebPage","@id":"https://www.cel-lula.com/ca/publicitat/sabadell-capital-de-la-cultura-catalana-2024/","url":"https://www.cel-lula.com/ca/publicitat/sabadell-capital-de-la-cultura-catalana-2024/","name":"Campanya publicitària Ajuntament Sabadell - Capitalitat 2024","isPartOf":{"@id":"https://www.cel-lula.com/ca/#website"},"primaryImageOfPage":{"@id":"https://www.cel-lula.com/ca/publicitat/sabadell-capital-de-la-cultura-catalana-2024/#primaryimage"},"image":{"@id":"https://www.cel-lula.com/ca/publicitat/sabadell-capital-de-la-cultura-catalana-2024/#primaryimage"},"thumbnailUrl":"https://www.cel-lula.com/wp-content/uploads/2024/02/01-llistat_campanya_ajuntament_sabadell_es_vesteix_de_cultura.webp","datePublished":"2024-02-27T09:47:46+00:00","dateModified":"2024-05-09T09:58:39+00:00","description":"Campanya publicitària per l'Ajuntament de Sabadell. Sabadell és vesteix de cultura és l'eslògan per a la campanya publicitària de la C...","breadcrumb":{"@id":"https://www.cel-lula.com/ca/publicitat/sabadell-capital-de-la-cultura-catalana-2024/#breadcrumb"},"inLanguage":"ca","potentialAction":[{"@type":"ReadAction","target":["https://www.cel-lula.com/ca/publicitat/sabadell-capital-de-la-cultura-catalana-2024/"]}]},{"@type":"ImageObject","inLanguage":"ca","@id":"https://www.cel-lula.com/ca/publicitat/sabadell-capital-de-la-cultura-catalana-2024/#primaryimage","url":"https://www.cel-lula.com/wp-content/uploads/2024/02/01-llistat_campanya_ajuntament_sabadell_es_vesteix_de_cultura.webp","contentUrl":"https://www.cel-lula.com/wp-content/uploads/2024/02/01-llistat_campanya_ajuntament_sabadell_es_vesteix_de_cultura.webp","width":1300,"height":975},{"@type":"BreadcrumbList","@id":"https://www.cel-lula.com/ca/publicitat/sabadell-capital-de-la-cultura-catalana-2024/#breadcrumb","itemListElement":[{"@type":"ListItem","position":1,"name":"Portada","item":"https://www.cel-lula.com/ca/"},{"@type":"ListItem","position":2,"name":"Projectes","item":"https://www.cel-lula.com/ca/projectes/"},{"@type":"ListItem","position":3,"name":"Sabadell, Capital de la Cultura Catalana 2024"}]},{"@type":"WebSite","@id":"https://www.cel-lula.com/ca/#website","url":"https://www.cel-lula.com/ca/","name":"Cèl·lula","description":"Estudi de disseny gràfic","publisher":{"@id":"https://www.cel-lula.com/ca/#organization"},"potentialAction":[{"@type":"SearchAction","target":{"@type":"EntryPoint","urlTemplate":"https://www.cel-lula.com/ca/?s={search_term_string}"},"query-input":{"@type":"PropertyValueSpecification","valueRequired":true,"valueName":"search_term_string"}}],"inLanguage":"ca"},{"@type":"Organization","@id":"https://www.cel-lula.com/ca/#organization","name":"Cèl·lula","url":"https://www.cel-lula.com/ca/","logo":{"@type":"ImageObject","inLanguage":"ca","@id":"https://www.cel-lula.com/ca/#/schema/logo/image/","url":"https://www.cel-lula.com/wp-content/uploads/2023/02/cel-lula-logo.png","contentUrl":"https://www.cel-lula.com/wp-content/uploads/2023/02/cel-lula-logo.png","width":1194,"height":276,"caption":"Cèl·lula"},"image":{"@id":"https://www.cel-lula.com/ca/#/schema/logo/image/"}}]}</script>
<!-- / Yoast SEO plugin. -->

Campanya publicitària Ajuntament Sabadell - Capitalitat 2024

Campanya publicitària per l'Ajuntament de Sabadell. Sabadell és vesteix de cultura és l'eslògan per a la campanya publicitària de la C...

Cèl·lula

Estudi de disseny gràfic
